tiple of 53?
True
Is 13 a factor of 104?
True
Does 58 divide 41683?
False
Is 4 a factor of 26324?
True
Is 1476 a multiple of 12?
True
Is 14 a factor of 9078?
False
Does 43 divide 645?
True
Is 16 a factor of 26628?
False
Does 15 divide 165?
True
Does 57 divide 16416?
True
Is 6 a factor of 1059?
False
Does 17 divide 26?
False
Is 14 a factor of 2450?
True
Is 3381 a multiple of 23?
True
Does 31 divide 851?
False
Does 14 divide 5700?
False
Does 14 divide 22470?
True
Is 13090 a multiple of 8?
False
Is 41 a factor of 420?
False
Is 16 a factor of 246?
False
Is 108 a factor of 3132?
True
Does 2 divide 2255?
False
Is 74684 a multiple of 14?
False
Is 13 a factor of 49?
False
Is 117 a factor of 6669?
True
Is 31 a factor of 727?
False
Is 10511 a multiple of 40?
False
Is 2 a factor of 48?
True
Does 9 divide 1424?
False
Is 16846 a multiple of 25?
False
Is 614 a multiple of 19?
False
Does 44 divide 323?
False
Is 1639 a multiple of 33?
False
Is 32 a factor of 1082?
False
Does 21 divide 43?
False
Is 108 a factor of 4084?
False
Is 23 a factor of 3613?
False
Is 43 a factor of 12083?
True
Is 112 a multiple of 16?
True
Is 103 a factor of 8919?
False
Is 13690 a multiple of 10?
True
Is 13 a factor of 1088?
False
Is 10 a factor of 740?
True
Does 19 divide 247?
True
Is 11 a factor of 770?
True
Is 3 a factor of 153?
True
Does 9 divide 900?
True
Is 513 a multiple of 4?
False
Is 4 a factor of 2369?
False
Is 59 a factor of 53631?
True
Is 587 even?
False
Is 658 a multiple of 40?
False
Is 102 a factor of 5206?
False
Is 2 a factor of 2922?
True
Is 102 a factor of 8807?
False
Is 104 a multiple of 4?
True
Is 20 a factor of 40862?
False
Is 50 a factor of 4350?
True
Does 13 divide 3939?
True
Does 11 divide 17762?
False
Is 7 a factor of 17276?
True
Is 3300 a multiple of 60?
True
Does 27 divide 13577?
False
Is 26 a factor of 1742?
True
Is 104 a multiple of 10?
False
Is 1508 a multiple of 13?
True
Does 100 divide 7400?
True
Is 91 a factor of 1657?
False
Does 54 divide 216?
True
Is 194 a factor of 20370?
True
Does 72 divide 2232?
True
Does 13 divide 87971?
True
Does 3 divide 7269?
True
Does 29 divide 12637?
False
Is 27 a factor of 6156?
True
Is 3143 a multiple of 40?
False
Does 8 divide 1561?
False
Is 1220 a multiple of 4?
True
Is 14 a factor of 6538?
True
Is 15677 a multiple of 61?
True
Is 89 a multiple of 89?
True
Is 24614 a multiple of 31?
True
Is 4088 a multiple of 14?
True
Is 11 a factor of 19209?
False
Does 26 divide 6968?
True
Is 13 a factor of 5174?
True
Is 7 a factor of 189?
True
Is 141 a multiple of 47?
True
Is 325 a factor of 4975?
False
Does 5 divide 9720?
True
Does 7 divide 89?
False
Is 1232 a multiple of 22?
True
Does 27 divide 10260?
True
Is 18 a factor of 738?
True
Is 7535 a multiple of 137?
True
Is 11 a factor of 5284?
False
Does 14 divide 641?
False
Does 40 divide 16328?
False
Is 1458 a multiple of 54?
True
Is 5 a factor of 1083?
False
Is 31 a factor of 1984?
True
Is 50 a factor of 17150?
True
Does 53 divide 49237?
True
Is 53 a factor of 7738?
True
Is 12001 a multiple of 29?
False
Does 11 divide 6325?
True
Does 41 divide 36501?
False
Is 3 a factor of 303?
True
Is 5217 a multiple of 37?
True
Is 9 a factor of 850?
False
Does 6 divide 324?
True
Is 9 a factor of 13032?
True
Does 22 divide 3971?
False
Is 65 a factor of 5720?
True
Is 252 a multiple of 14?
True
Is 32032 a multiple of 56?
True
Does 7 divide 77?
True
Does 56 divide 75391?
False
Is 1220 a multiple of 59?
False
Is 88 a multiple of 6?
False
Is 324 a factor of 53460?
True
Is 13 a factor of 5096?
True
Does 59 divide 5710?
False
Is 48 a factor of 663?
False
Is 18 a factor of 378?
True
Is 21 a factor of 2142?
True
Is 400 a multiple of 10?
True
Is 68178 a multiple of 66?
True
Is 1047 a multiple of 77?
False
Is 12790 a multiple of 10?
True
Does 11 divide 341?
True
Is 948 a multiple of 4?
True
Does 114 divide 114798?
True
Is 37 a factor of 5966?
False
Is 3554 a multiple of 7?
False
Is 1320 a multiple of 22?
True
Does 16 divide 608?
True
Is 2411 a multiple of 19?
False
Is 60892 a multiple of 15?
False
Is 43 a factor of 3351?
False
Is 3052 a multiple of 14?
True
Is 4339 a multiple of 7?
False
Does 4 divide 542?
False
Is 184 a factor of 88197?
False
Is 33852 a multiple of 28?
True
Is 4564 a multiple of 28?
True
Does 5 divide 7195?
True
Does 58 divide 232?
True
Does 13 divide 349?
False
Is 11 a factor of 638?
True
Does 28 divide 252?
True
Does 54 divide 918?
True
Is 24 a factor of 35402?
False
Is 5 a factor of 820?
True
Does 10 divide 3676?
False
Is 27 a factor of 16320?
False
Does 13 divide 13533?
True
Does 100 divide 15069?
False
Does 19 divide 465?
False
Does 30 divide 13346?
False
Is 9 a factor of 135?
True
Is 1211 a multiple of 348?
False
Is 15 a factor of 447?
False
Is 16863 a multiple of 37?
False
Is 646 a multiple of 38?
True
Is 16 a factor of 21?
False
Does 42 divide 658?
False
Is 574 a multiple of 81?
False
Is 5 a factor of 255?
True
Is 7773 a multiple of 13?
False
Is 82 a factor of 7134?
True
Does 180 divide 7966?
False
Is 1316 a multiple of 47?
True
Is 1080 a multiple of 18?
True
Does 10 divide 10790?
True
Is 25346 a multiple of 77?
False
Does 2 divide 814?
True
Does 8 divide 1837?
False
Is 3217 a multiple of 13?
False
Does 12 divide 1437?
False
Does 17 divide 2155?
False
Is 2780 a multiple of 11?
False
Is 6682 a multiple of 37?
False
Does 35 divide 455?
True
Is 882 a multiple of 42?
True
Does 282 divide 33210?
False
Is 5432 a multiple of 14?
True
Is 133 a factor of 21161?
False
Does 4 divide 5592?
True
Does 80 divide 4863?
False
Does 6 divide 168?
True
Is 6630 a multiple of 78?
True
Is 17 a factor of 544?
True
Is 192 a multiple of 32?
True
Does 2 divide 12?
True
Does 16 divide 97?
False
Is 105 a factor of 2625?
True
Is 12 a factor of 1570?
False
Is 114 a factor of 11970?
True
Is 156 a multiple of 12?
True
Is 10686 a multiple of 4?
False
Is 441 a multiple of 21?
True
Does 9 divide 901?
False
Is 48296 a multiple of 15?
False
Is 103 a factor of 11639?
True
Is 2 a factor of 493?
False
Does 21 divide 1965?
False
Does 3 divide 57?
True
Does 45 divide 1215?
True
Is 1111 a multiple of 101?
True
Does 6 divide 1396?
False
Is 15 a factor of 1449?
False
Is 35363 a multiple of 111?
False
Is 20049 a multiple of 489?
True
Is 14242 a multiple of 68?
False
Does 200 divide 800?
True
Is 13 a factor of 59562?
False
Is 54 a factor of 5851?
False
Is 4795 a multiple of 27?
False
Is 23 a factor of 325?
False
Is 78 a factor of 2271?
False
Is 25 a factor of 28?
False
Is 29 a factor of 899?
True
Is 1848 a multiple of 42?
True
Does 259 divide 18881?
False
Does 12 divide 4776?
True
Is 23 a factor of 5420?
False
Does 12 divide 5830?
False
Does 58 divide 70180?
True
Does 46 divide 618?
False
Is 26 a factor of 28184?
True
Does 69 divide 3450?
True
Is 23 a factor of 21293?
False
Does 12 divide 3033?
False
Is 23 a factor of 5337?
False
Is 15 a factor of 420?
True
Does 28 divide 1511?
False
Is 732 a multiple of 10?
False
Does 53 divide 6254?
True
Does 21 divide 735?
True
Is 12647 a multiple of 3?
False
Does 54 divide 4914?
True
Is 23 a factor of 568?
False
Does 17 divide 765?
True
Is 2520 a multiple of 30?
True
Does 84 divide 7859?
False
Is 28712 a multiple of 97?
True
Is 96 a factor of 480?
True
Is 574 a multiple of 104?
False
Is 81 a factor of 83106?
True
Is 109 even?
False
Does 75 divide 947?
False
Is 462 even?
True
Is 83 a factor of 44239?
True
Does 10 divide 190?
True
Is 72 a factor of 3168?
True
Is 2579 a multiple of 33?
False
Is 12462 a multiple of 6?
True
Is 1030 a multiple of 11?
False
Is 9950 a multiple of 50?
True
Is 9 a factor of 207?
True
Is 59 a factor of 885?
True
Is 231 a multiple of 15?
False
Is 13 a factor of 100724?
True
Is 34 a factor of 10436?
False
Is 8 a factor of 1152?
True
Is 53312 a multiple of 136?
True
Is 40 a factor of 247?
False
Does 26 divide 3692?
True
Does 90 divide 2850?
False
Does 386 divide 3692?
False
Is 972 a multiple of 36?
True
Does 9 divide 11592?
True
Does 17 divide 187?
True
Is 8 a factor of 497?
False
Is 4104 a multiple of 72?
True
Does 18 divide 3456?
True
Is 54331 a multiple of 24?
False
Is 910 a multiple of 14?
True
Is 19 a factor of 299?
False
Does 16 divide 12544?
True
Is 337 a factor of 13851?
False
Is 11 a factor of 737?
True
Is 112 a factor of 9730?
False
Is 284 a multiple of 126?
False
